[INFO] cloning repository https://github.com/redox-os/bootloader-efi
[INFO] running `Command { std: "git" "-c" "credential.helper=" "-c" "credential.helper=/workspace/cargo-home/bin/git-credential-null" "clone" "--bare" "https://github.com/redox-os/bootloader-efi" "/workspace/cache/git-repos/https%3A%2F%2Fgithub.com%2Fredox-os%2Fbootloader-efi", kill_on_drop: false }`
[INFO] [stderr] Cloning into bare repository '/workspace/cache/git-repos/https%3A%2F%2Fgithub.com%2Fredox-os%2Fbootloader-efi'...
[INFO] running `Command { std: "git" "rev-parse" "HEAD", kill_on_drop: false }`
[INFO] [stdout] d9f268facae3c2161da186c8a3d31f0ce9e37833
[INFO] building redox-os/bootloader-efi against master#ff34b919075f35a1787659e9c448a34b06bab8de for issue-85264
[INFO] running `Command { std: "git" "clone" "/workspace/cache/git-repos/https%3A%2F%2Fgithub.com%2Fredox-os%2Fbootloader-efi" "/workspace/builds/worker-1/source", kill_on_drop: false }`
[INFO] [stderr] Cloning into '/workspace/builds/worker-1/source'...
[INFO] [stderr] done.
[INFO] validating manifest of git repo https://github.com/redox-os/bootloader-efi on toolchain ff34b919075f35a1787659e9c448a34b06bab8de
[INFO] running `Command { std: "/workspace/cargo-home/bin/cargo" "+ff34b919075f35a1787659e9c448a34b06bab8de" "metadata" "--manifest-path" "Cargo.toml" "--no-deps", kill_on_drop: false }`
[INFO] removed /workspace/builds/worker-1/source/rust-toolchain
[INFO] started tweaking git repo https://github.com/redox-os/bootloader-efi
[INFO] finished tweaking git repo https://github.com/redox-os/bootloader-efi
[INFO] tweaked toml for git repo https://github.com/redox-os/bootloader-efi written to /workspace/builds/worker-1/source/Cargo.toml
[INFO] crate git repo https://github.com/redox-os/bootloader-efi already has a lockfile, it will not be regenerated
[INFO] running `Command { std: "/workspace/cargo-home/bin/cargo" "+ff34b919075f35a1787659e9c448a34b06bab8de" "fetch" "--manifest-path" "Cargo.toml", kill_on_drop: false }`
[INFO] [stderr]     Blocking waiting for file lock on package cache
[INFO] [stderr]     Blocking waiting for file lock on package cache
[INFO] running `Command { std: "docker" "create" "-v" "/var/lib/crater-agent-workspace/builds/worker-1/target:/opt/rustwide/target:rw,Z" "-v" "/var/lib/crater-agent-workspace/builds/worker-1/source:/opt/rustwide/workdir:ro,Z" "-v" "/var/lib/crater-agent-workspace/cargo-home:/opt/rustwide/cargo-home:ro,Z" "-v" "/var/lib/crater-agent-workspace/rustup-home:/opt/rustwide/rustup-home:ro,Z" "-e" "SOURCE_DIR=/opt/rustwide/workdir" "-e" "CARGO_TARGET_DIR=/opt/rustwide/target" "-e" "CARGO_HOME=/opt/rustwide/cargo-home" "-e" "RUSTUP_HOME=/opt/rustwide/rustup-home" "-w" "/opt/rustwide/workdir" "-m" "1610612736" "--user" "0:0" "--network" "none" "ghcr.io/rust-lang/crates-build-env/linux@sha256:20528e8c29e4536546f0102ce88568b16ea7538393a33fcca951030f7af10457" "/opt/rustwide/cargo-home/bin/cargo" "+ff34b919075f35a1787659e9c448a34b06bab8de" "metadata" "--no-deps" "--format-version=1", kill_on_drop: false }`
[INFO] [stdout] d7a7aacd530aa0e5be42f5f6b7d4acfec6779a074b9f42353edd59c1f201dc43
[INFO] [stderr] WARNING: Your kernel does not support swap limit capabilities or the cgroup is not mounted. Memory limited without swap.
[INFO] running `Command { std: "docker" "start" "-a" "d7a7aacd530aa0e5be42f5f6b7d4acfec6779a074b9f42353edd59c1f201dc43", kill_on_drop: false }`
[INFO] running `Command { std: "docker" "inspect" "d7a7aacd530aa0e5be42f5f6b7d4acfec6779a074b9f42353edd59c1f201dc43", kill_on_drop: false }`
[INFO] running `Command { std: "docker" "rm" "-f" "d7a7aacd530aa0e5be42f5f6b7d4acfec6779a074b9f42353edd59c1f201dc43", kill_on_drop: false }`
[INFO] [stdout] d7a7aacd530aa0e5be42f5f6b7d4acfec6779a074b9f42353edd59c1f201dc43
[INFO] running `Command { std: "docker" "create" "-v" "/var/lib/crater-agent-workspace/builds/worker-1/target:/opt/rustwide/target:rw,Z" "-v" "/var/lib/crater-agent-workspace/builds/worker-1/source:/opt/rustwide/workdir:ro,Z" "-v" "/var/lib/crater-agent-workspace/cargo-home:/opt/rustwide/cargo-home:ro,Z" "-v" "/var/lib/crater-agent-workspace/rustup-home:/opt/rustwide/rustup-home:ro,Z" "-e" "SOURCE_DIR=/opt/rustwide/workdir" "-e" "CARGO_TARGET_DIR=/opt/rustwide/target" "-e" "CARGO_INCREMENTAL=0" "-e" "RUST_BACKTRACE=full" "-e" "RUSTFLAGS=--cap-lints=forbid" "-e" "CARGO_HOME=/opt/rustwide/cargo-home" "-e" "RUSTUP_HOME=/opt/rustwide/rustup-home" "-w" "/opt/rustwide/workdir" "-m" "1610612736" "--user" "0:0" "--network" "none" "ghcr.io/rust-lang/crates-build-env/linux@sha256:20528e8c29e4536546f0102ce88568b16ea7538393a33fcca951030f7af10457" "/opt/rustwide/cargo-home/bin/cargo" "+ff34b919075f35a1787659e9c448a34b06bab8de" "build" "--frozen" "--message-format=json", kill_on_drop: false }`
[INFO] [stdout] 6c16e9e80c06260beb8c2964dd2ba7d9793af80d57bc783fa4a2eb59ea488ac8
[INFO] [stderr] WARNING: Your kernel does not support swap limit capabilities or the cgroup is not mounted. Memory limited without swap.
[INFO] running `Command { std: "docker" "start" "-a" "6c16e9e80c06260beb8c2964dd2ba7d9793af80d57bc783fa4a2eb59ea488ac8", kill_on_drop: false }`
[INFO] [stderr]    Compiling redox_uefi v0.1.1
[INFO] [stderr]    Compiling plain v0.2.3
[INFO] [stderr]    Compiling scroll v0.10.2
[INFO] [stderr]    Compiling orbclient v0.3.21 (https://gitlab.redox-os.org/redox-os/orbclient.git?branch=no_std#0cf93f23)
[INFO] [stderr]    Compiling rlibc v1.0.0
[INFO] [stderr]    Compiling goblin v0.3.4
[INFO] [stderr]    Compiling redox_uefi_alloc v0.1.0
[INFO] [stderr]    Compiling redox_uefi_std v0.1.4
[INFO] [stderr]    Compiling redox_bootloader v0.1.0 (/opt/rustwide/workdir)
[INFO] [stdout] error: environment variable `BASEDIR` not defined
[INFO] [stdout]   --> src/arch/x86_64/mod.rs:23:45
[INFO] [stdout]    |
[INFO] [stdout] 23 | static KERNEL: &'static str = concat!("\\", env!("BASEDIR"), "\\kernel");
[INFO] [stdout]    |                                             ^^^^^^^^^^^^^^^
[INFO] [stdout]    |
[INFO] [stdout]    = note: this error originates in a macro (in Nightly builds, run with -Z macro-backtrace for more info)
[INFO] [stdout] 
[INFO] [stdout] 
[INFO] [stdout] error: environment variable `TARGET` not defined
[INFO] [stdout]    --> src/arch/x86_64/mod.rs:340:17
[INFO] [stdout]     |
[INFO] [stdout] 340 |                 env!("TARGET").split('-').next().unwrap_or("")
[INFO] [stdout]     |                 ^^^^^^^^^^^^^^
[INFO] [stdout]     |
[INFO] [stdout]     = note: this error originates in a macro (in Nightly builds, run with -Z macro-backtrace for more info)
[INFO] [stdout] 
[INFO] [stdout] 
[INFO] [stdout] error[E0433]: failed to resolve: use of undeclared crate or module `x86`
[INFO] [stdout]  --> src/arch/x86_64/paging.rs:2:5
[INFO] [stdout]   |
[INFO] [stdout] 2 | use x86::{
[INFO] [stdout]   |     ^^^ use of undeclared crate or module `x86`
[INFO] [stdout] 
[INFO] [stdout] 
[INFO] [stdout] error[E0432]: unresolved import `x86`
[INFO] [stdout]  --> src/arch/x86_64/paging.rs:2:5
[INFO] [stdout]   |
[INFO] [stdout] 2 | use x86::{
[INFO] [stdout]   |     ^^^ use of undeclared crate or module `x86`
[INFO] [stdout] 
[INFO] [stdout] 
[INFO] [stdout] error: cannot find attribute `derive` in this scope
[INFO] [stdout]   --> src/arch/x86_64/memory_map.rs:20:3
[INFO] [stdout]    |
[INFO] [stdout] 20 | #[derive(Copy, Clone, Debug, Default)]
[INFO] [stdout]    |   ^^^^^^
[INFO] [stdout] 
[INFO] [stdout] 
[INFO] [stdout] error: cannot find attribute `derive` in this scope
[INFO] [stdout]  --> src/arch/x86_64/partitions.rs:4:3
[INFO] [stdout]   |
[INFO] [stdout] 4 | #[derive(Clone, Copy, Debug)]
[INFO] [stdout]   |   ^^^^^^
[INFO] [stdout] 
[INFO] [stdout] 
[INFO] [stdout] error: cannot find attribute `derive` in this scope
[INFO] [stdout]   --> src/arch/x86_64/partitions.rs:15:3
[INFO] [stdout]    |
[INFO] [stdout] 15 | #[derive(Clone, Copy)]
[INFO] [stdout]    |   ^^^^^^
[INFO] [stdout] 
[INFO] [stdout] 
[INFO] [stdout] error: cannot find attribute `derive` in this scope
[INFO] [stdout]   --> src/arch/x86_64/partitions.rs:27:3
[INFO] [stdout]    |
[INFO] [stdout] 27 | #[derive(Clone, Copy)]
[INFO] [stdout]    |   ^^^^^^
[INFO] [stdout] 
[INFO] [stdout] 
[INFO] [stdout] error: cannot find attribute `derive` in this scope
[INFO] [stdout]  --> src/arch/x86_64/vesa.rs:9:3
[INFO] [stdout]   |
[INFO] [stdout] 9 | #[derive(Copy, Clone, Default, Debug)]
[INFO] [stdout]   |   ^^^^^^
[INFO] [stdout] 
[INFO] [stdout] 
[INFO] [stdout] error: cannot find attribute `derive` in this scope
[INFO] [stdout]    --> src/arch/x86_64/mod.rs:121:7
[INFO] [stdout]     |
[INFO] [stdout] 121 |     #[derive(Clone, Copy, Debug)]
[INFO] [stdout]     |       ^^^^^^
[INFO] [stdout] 
[INFO] [stdout] 
[INFO] [stdout] error: cannot find attribute `derive` in this scope
[INFO] [stdout]   --> src/image/mod.rs:31:3
[INFO] [stdout]    |
[INFO] [stdout] 31 | #[derive(Clone)]
[INFO] [stdout]    |   ^^^^^^
[INFO] [stdout] 
[INFO] [stdout] 
[INFO] [stdout] error: cannot find attribute `derive` in this scope
[INFO] [stdout]  --> src/key.rs:5:3
[INFO] [stdout]   |
[INFO] [stdout] 5 | #[derive(Debug, PartialEq)]
[INFO] [stdout]   |   ^^^^^^
[INFO] [stdout] 
[INFO] [stdout] 
[INFO] [stdout] error: cannot find attribute `derive` in this scope
[INFO] [stdout]   --> src/redoxfs/extent.rs:25:3
[INFO] [stdout]    |
[INFO] [stdout] 25 | #[derive(Copy, Clone, Debug, Default)]
[INFO] [stdout]    |   ^^^^^^
[INFO] [stdout] 
[INFO] [stdout] 
[INFO] [stdout] error[E0433]: failed to resolve: use of undeclared type `Cr4`
[INFO] [stdout]   --> src/arch/x86_64/paging.rs:46:12
[INFO] [stdout]    |
[INFO] [stdout] 46 |     cr4 |= Cr4::CR4_ENABLE_OS_XSAVE
[INFO] [stdout]    |            ^^^ use of undeclared type `Cr4`
[INFO] [stdout] 
[INFO] [stdout] 
[INFO] [stdout] error[E0433]: failed to resolve: use of undeclared type `Cr4`
[INFO] [stdout]   --> src/arch/x86_64/paging.rs:47:11
[INFO] [stdout]    |
[INFO] [stdout] 47 |         | Cr4::CR4_ENABLE_SSE
[INFO] [stdout]    |           ^^^ use of undeclared type `Cr4`
[INFO] [stdout] 
[INFO] [stdout] 
[INFO] [stdout] error[E0433]: failed to resolve: use of undeclared type `Cr4`
[INFO] [stdout]   --> src/arch/x86_64/paging.rs:48:11
[INFO] [stdout]    |
[INFO] [stdout] 48 |         | Cr4::CR4_ENABLE_GLOBAL_PAGES
[INFO] [stdout]    |           ^^^ use of undeclared type `Cr4`
[INFO] [stdout] 
[INFO] [stdout] 
[INFO] [stdout] error[E0433]: failed to resolve: use of undeclared type `Cr4`
[INFO] [stdout]   --> src/arch/x86_64/paging.rs:49:11
[INFO] [stdout]    |
[INFO] [stdout] 49 |         | Cr4::CR4_ENABLE_PAE
[INFO] [stdout]    |           ^^^ use of undeclared type `Cr4`
[INFO] [stdout] 
[INFO] [stdout] 
[INFO] [stdout] error[E0433]: failed to resolve: use of undeclared type `Cr4`
[INFO] [stdout]   --> src/arch/x86_64/paging.rs:50:11
[INFO] [stdout]    |
[INFO] [stdout] 50 |         | Cr4::CR4_ENABLE_PSE;
[INFO] [stdout]    |           ^^^ use of undeclared type `Cr4`
[INFO] [stdout] 
[INFO] [stdout] 
[INFO] [stdout] error[E0433]: failed to resolve: use of undeclared type `Cr0`
[INFO] [stdout]   --> src/arch/x86_64/paging.rs:63:12
[INFO] [stdout]    |
[INFO] [stdout] 63 |     cr0 |= Cr0::CR0_ENABLE_PAGING | Cr0::CR0_WRITE_PROTECT | Cr0::CR0_PROTECTED_MODE;
[INFO] [stdout]    |            ^^^ use of undeclared type `Cr0`
[INFO] [stdout] 
[INFO] [stdout] 
[INFO] [stdout] error[E0433]: failed to resolve: use of undeclared type `Cr0`
[INFO] [stdout]   --> src/arch/x86_64/paging.rs:63:37
[INFO] [stdout]    |
[INFO] [stdout] 63 |     cr0 |= Cr0::CR0_ENABLE_PAGING | Cr0::CR0_WRITE_PROTECT | Cr0::CR0_PROTECTED_MODE;
[INFO] [stdout]    |                                     ^^^ use of undeclared type `Cr0`
[INFO] [stdout] 
[INFO] [stdout] 
[INFO] [stdout] error[E0433]: failed to resolve: use of undeclared type `Cr0`
[INFO] [stdout]   --> src/arch/x86_64/paging.rs:63:62
[INFO] [stdout]    |
[INFO] [stdout] 63 |     cr0 |= Cr0::CR0_ENABLE_PAGING | Cr0::CR0_WRITE_PROTECT | Cr0::CR0_PROTECTED_MODE;
[INFO] [stdout]    |                                                              ^^^ use of undeclared type `Cr0`
[INFO] [stdout] 
[INFO] [stdout] 
[INFO] [stdout] error: duplicate lang item in crate `std`: `panic_impl`.
[INFO] [stdout]   |
[INFO] [stdout]   = note: the lang item is first defined in crate `uefi_std` (which `redox_bootloader` depends on)
[INFO] [stdout]   = note: first definition in `uefi_std` loaded from /opt/rustwide/target/debug/deps/libuefi_std-e06146b0e503eec2.rlib
[INFO] [stdout]   = note: second definition in `std` loaded from /opt/rustwide/rustup-home/toolchains/ff34b919075f35a1787659e9c448a34b06bab8de/lib/rustlib/x86_64-unknown-linux-gnu/lib/libstd-c6dddd3d354e6bea.so, /opt/rustwide/rustup-home/toolchains/ff34b919075f35a1787659e9c448a34b06bab8de/lib/rustlib/x86_64-unknown-linux-gnu/lib/libstd-c6dddd3d354e6bea.rlib
[INFO] [stdout] 
[INFO] [stdout] 
[INFO] [stdout] error: duplicate lang item in crate `std`: `oom`.
[INFO] [stdout]   |
[INFO] [stdout]   = note: the lang item is first defined in crate `uefi_std` (which `redox_bootloader` depends on)
[INFO] [stdout]   = note: first definition in `uefi_std` loaded from /opt/rustwide/target/debug/deps/libuefi_std-e06146b0e503eec2.rlib
[INFO] [stdout]   = note: second definition in `std` loaded from /opt/rustwide/rustup-home/toolchains/ff34b919075f35a1787659e9c448a34b06bab8de/lib/rustlib/x86_64-unknown-linux-gnu/lib/libstd-c6dddd3d354e6bea.so, /opt/rustwide/rustup-home/toolchains/ff34b919075f35a1787659e9c448a34b06bab8de/lib/rustlib/x86_64-unknown-linux-gnu/lib/libstd-c6dddd3d354e6bea.rlib
[INFO] [stdout] 
[INFO] [stdout] 
[INFO] [stdout] error: duplicate lang item in crate `panic_unwind`: `eh_personality`.
[INFO] [stdout]   |
[INFO] [stdout]   = note: the lang item is first defined in crate `uefi_std` (which `redox_bootloader` depends on)
[INFO] [stdout]   = note: first definition in `uefi_std` loaded from /opt/rustwide/target/debug/deps/libuefi_std-e06146b0e503eec2.rlib
[INFO] [stdout]   = note: second definition in `panic_unwind` loaded from /opt/rustwide/rustup-home/toolchains/ff34b919075f35a1787659e9c448a34b06bab8de/lib/rustlib/x86_64-unknown-linux-gnu/lib/libpanic_unwind-c2ca47afdcc5e309.rlib
[INFO] [stdout] 
[INFO] [stdout] 
[INFO] [stdout] error[E0658]: unions with non-`Copy` fields other than `ManuallyDrop<T>` are unstable
[INFO] [stdout]   --> src/arch/x86_64/partitions.rs:29:5
[INFO] [stdout]    |
[INFO] [stdout] 29 |     pub mbr: PartitionProtoInfoMbr,
[INFO] [stdout]    |     ^^^^^^^^^^^^^^^^^^^^^^^^^^^^^^
[INFO] [stdout]    |
[INFO] [stdout]    = note: see issue #55149 <https://github.com/rust-lang/rust/issues/55149> for more information
[INFO] [stdout]    = help: add `#![feature(untagged_unions)]` to the crate attributes to enable
[INFO] [stdout] 
[INFO] [stdout] 
[INFO] [stdout] error[E0658]: unions with non-`Copy` fields other than `ManuallyDrop<T>` are unstable
[INFO] [stdout]   --> src/arch/x86_64/partitions.rs:30:5
[INFO] [stdout]    |
[INFO] [stdout] 30 |     pub gpt: PartitionProtoInfoGpt,
[INFO] [stdout]    |     ^^^^^^^^^^^^^^^^^^^^^^^^^^^^^^
[INFO] [stdout]    |
[INFO] [stdout]    = note: see issue #55149 <https://github.com/rust-lang/rust/issues/55149> for more information
[INFO] [stdout]    = help: add `#![feature(untagged_unions)]` to the crate attributes to enable
[INFO] [stdout] 
[INFO] [stdout] 
[INFO] [stdout] error[E0277]: `Rsdp` doesn't implement `Debug`
[INFO] [stdout]    --> src/arch/x86_64/mod.rs:138:28
[INFO] [stdout]     |
[INFO] [stdout] 138 |     println!("RSDP: {:?}", rsdp);
[INFO] [stdout]     |                            ^^^^ `Rsdp` cannot be formatted using `{:?}`
[INFO] [stdout]     |
[INFO] [stdout]     = help: the trait `Debug` is not implemented for `Rsdp`
[INFO] [stdout]     = note: add `#[derive(Debug)]` or manually implement `Debug`
[INFO] [stdout]     = note: required because of the requirements on the impl of `Debug` for `&Rsdp`
[INFO] [stdout]     = note: required by `core::fmt::Debug::fmt`
[INFO] [stdout]     = note: this error originates in a macro (in Nightly builds, run with -Z macro-backtrace for more info)
[INFO] [stdout] 
[INFO] [stdout] 
[INFO] [stdout] error[E0369]: binary operation `==` cannot be applied to type `key::Key`
[INFO] [stdout]    --> src/arch/x86_64/mod.rs:311:27
[INFO] [stdout]     |
[INFO] [stdout] 311 |             if key(true)? == Key::Character('y') {
[INFO] [stdout]     |                ---------- ^^ ------------------- key::Key
[INFO] [stdout]     |                |
[INFO] [stdout]     |                key::Key
[INFO] [stdout]     |
[INFO] [stdout]     = note: an implementation of `std::cmp::PartialEq` might be missing for `key::Key`
[INFO] [stdout] 
[INFO] [stdout] 
[INFO] [stdout] error[E0599]: no function or associated item named `default` found for struct `VBEModeInfo` in the current scope
[INFO] [stdout]   --> src/arch/x86_64/vesa.rs:47:38
[INFO] [stdout]    |
[INFO] [stdout] 11 | pub struct VBEModeInfo {
[INFO] [stdout]    | ---------------------- function or associated item `default` not found for this
[INFO] [stdout] ...
[INFO] [stdout] 47 |     let mut mode_info = VBEModeInfo::default();
[INFO] [stdout]    |                                      ^^^^^^^ function or associated item not found in `VBEModeInfo`
[INFO] [stdout]    |
[INFO] [stdout]    = help: items from traits can only be used if the trait is implemented and in scope
[INFO] [stdout]    = note: the following trait defines an item `default`, perhaps you need to implement it:
[INFO] [stdout]            candidate #1: `core::default::Default`
[INFO] [stdout] 
[INFO] [stdout] 
[INFO] [stdout] error[E0277]: `Extent` doesn't implement `Debug`
[INFO] [stdout]    --> src/redoxfs/node.rs:116:35
[INFO] [stdout]     |
[INFO] [stdout] 116 |                 .field("extents", &extents)
[INFO] [stdout]     |                                   ^^^^^^^^ `Extent` cannot be formatted using `{:?}`
[INFO] [stdout]     |
[INFO] [stdout]     = help: the trait `Debug` is not implemented for `Extent`
[INFO] [stdout]     = note: add `#[derive(Debug)]` or manually implement `Debug`
[INFO] [stdout]     = note: required because of the requirements on the impl of `Debug` for `&Extent`
[INFO] [stdout]     = note: 1 redundant requirements hidden
[INFO] [stdout]     = note: required because of the requirements on the impl of `Debug` for `Vec<&Extent>`
[INFO] [stdout]     = note: required for the cast to the object type `dyn Debug`
[INFO] [stdout] 
[INFO] [stdout] 
[INFO] [stdout] error: aborting due to 30 previous errors
[INFO] [stdout] 
[INFO] [stdout] 
[INFO] [stdout] Some errors have detailed explanations: E0277, E0369, E0432, E0433, E0599, E0658.
[INFO] [stdout] 
[INFO] [stdout] For more information about an error, try `rustc --explain E0277`.
[INFO] [stdout] 
[INFO] [stderr] error: could not compile `redox_bootloader`
[INFO] [stderr] 
[INFO] [stderr] To learn more, run the command again with --verbose.
[INFO] running `Command { std: "docker" "inspect" "6c16e9e80c06260beb8c2964dd2ba7d9793af80d57bc783fa4a2eb59ea488ac8", kill_on_drop: false }`
[INFO] running `Command { std: "docker" "rm" "-f" "6c16e9e80c06260beb8c2964dd2ba7d9793af80d57bc783fa4a2eb59ea488ac8", kill_on_drop: false }`
[INFO] [stdout] 6c16e9e80c06260beb8c2964dd2ba7d9793af80d57bc783fa4a2eb59ea488ac8
